(v)?
False
Suppose -5*z + 5*c - 4 = -44, -3*z - 5*c + 64 = 0. Is 3 a factor of z?
False
Suppose -i - 5*u + 16 = 0, 7*u + 22 = 5*i + 3*u. Let q(s) = 11 + 4*s**2 + i*s - 6 - 3*s**2. Is q(-7) a multiple of 6?
True
Let f(w) be the third derivative of w**5/30 + w**4/4 + w**2. Let h = 10 + -15. Does 10 divide f(h)?
True
Suppose -2*n - 2*a + 182 - 12 = 0, -2*n = -a - 158. Is 7 a factor of n?
False
Suppose 4*m - 5*w = -336, 3*m - 2*w = 5*m + 168. Let k = m - -119. Does 19 divide k?
False
Let g(r) = r**3 - 10*r**2 + 3*r - 10. Let k be g(10). Is 8/k + (-198)/(-5) a multiple of 10?
True
Suppose 4*y + 13 = -15. Let x = 26 + y. Does 12 divide x?
False
Let n(f) be the third derivative of f**2 + 0 + 0*f**3 + 0*f + 3/8*f**4. Is n(3) a multiple of 18?
False
Suppose 4 = -3*n + 2*n. Let x be (-2)/n*0/1. Does 2 divide 3/(x + 1) + 1?
True
Let x(h) be the third derivative of 7/24*h**4 + 1/60*h**5 + 0*h - 1/6*h**3 + 0 - h**2. Does 12 divide x(-9)?
False
Does 8 divide (-2 - -1) + 2 + 31?
True
Suppose -2*a = 3*i - 3*a + 15, 5 = -i - a. Let g(w) = 2*w + 6. Let j be g(i). Let s = j - -13. Does 6 divide s?
False
Let p = 24 - 18. Let f = -4 + 2. Is (12*f)/(p/(-4)) a multiple of 12?
False
Suppose 3*m = 7*m - 8. Let w(z) = 7 - 9*z + z**2 - 1 - m*z**2. Is 13 a factor of w(-7)?
False
Suppose -4*x + 203 + 109 = 0. Let s = -6 + 10. Suppose x = s*k + g, -4*g = 3*k - 2*g - 61. Is k a multiple of 19?
True
Let p = 6 + 12. Is 18 a factor of p?
True
Let t(q) = 6*q - 3. Let g = -7 + 5. Let i(y) = 3*y**2 + 3*y + 1. Let r be i(g). Is t(r) a multiple of 13?
True
Let w(p) = 2*p**2 - 2*p + 1. Let d(u) = -u**2 + 3*u - 2. Let g(a) = 3*d(a) + 2*w(a). Does 10 divide g(3)?
True
Let j be (1 + 2 + -3)/(-1). Suppose 5*p + 2*w + 69 - 337 = j, 3*p + w - 161 = 0. Is 18 a factor of p?
True
Suppose -2*k + q + 176 = 0, 3*k - 51 = q + 211. Is 13 a factor of k?
False
Suppose 0 = 4*p - p + 15, 5*p = -3*f + 4199. Let k be f/26 + 2/(-13). Suppose -8 - k = -2*b. Is 8 a factor of b?
False
Let m(l) = -l**3 + 8*l**2 - 8*l + 7. Let v be m(7). Let r = v + 10. Is r a multiple of 5?
True
Let b = 4 - 5. Let q be (-72)/32*4*b. Suppose d + 2 = q. Is d a multiple of 7?
True
Let q(b) = -b**3 + 11*b**2 - 6*b - 2. Let t = -21 - -31. Let m be q(t). Suppose 2*h = -5*j + m, 3*j = 4*j - 2*h + 2. Is 4 a factor of j?
False
Is 12 a factor of -6 + 0 + (150 - 0)?
True
Let q be (0/(-4))/(-4) - -6. Is ((-1)/3)/(q/(-90)) even?
False
Let b(j) = -j + 12. Let v be b(5). Suppose -32 = 3*t - v*t. Does 8 divide t?
True
Let g = 9 + -16. Is 10 a factor of 2/g + 424/14?
True
Suppose 2*t - 5*f - 49 = 0, -7*f - 9 = -4*f. Does 17 divide t?
True
Suppose 4*p + 0*w - 112 = -3*w, -3*w = 0. Is 28 a factor of p?
True
Let x = 17 - 3. Is x even?
True
Let z be ((-7)/2 - -1)*-2. Suppose z*v + c - 95 = 0, 9*c - 4*c = -4*v + 76. Suppose 3*m - v = 29. Does 12 divide m?
False
Suppose -5*u + 2*u = 12, 5*i = 4*u + 416. Is 20 a factor of (i/(-50))/(2/(-25))?
True
Let p(f) = 7*f**2 - 6*f + 7. Let o be ((-3)/(-2))/((-4)/(-8)). Is p(o) a multiple of 26?
True
Suppose -5*a = -94 + 19. Is a a multiple of 15?
True
Let i(r) = -r**2 + 6*r - 4 + 5 - 7 - 15*r. Is i(-7) a multiple of 4?
True
Suppose 6 + 12 = -3*j - 5*r, -j - 4*r = 13. Let y be (52/(-6))/(j/(-3)). Let m = y - -50. Does 9 divide m?
False
Suppose -3*y + 29 = -2*p, 5*p - 5*y = -0*p - 60. Let c(w) = -2*w - 6. Does 8 divide c(p)?
True
Let i(c) = 7*c**3 - 7*c**2 - 4*c - 15. Let t(v) = -6*v**3 + 7*v**2 + 3*v + 14. Let k(r) = 5*i(r) + 6*t(r). Does 11 divide k(6)?
True
Suppose -z + 5*z = 20. Suppose 13 = z*s - 4*s. Is 8 a factor of s?
False
Suppose -49*y + 68 = -45*y. Is y a multiple of 2?
False
Let b(u) = -u**3 + u**2 + 4*u + 6. Is 14 a factor of b(-4)?
True
Suppose 3*g - 4*l - 10 - 7 = 0, 0 = -5*g - 3*l + 67. Let u = 29 + g. Does 20 divide u?
True
Let u(l) = -6*l + 15 - 2*l - 4 - l**2 - 2*l. Is u(-9) a multiple of 20?
True
Let x(f) = 3*f + 4 - 3 - 2 - 2. Let s be x(7). Suppose -5*v = 0, -4*t + 4*v + s = -18. Is t a multiple of 4?
False
Does 16 divide 68/(-16)*(-34 - -6)?
False
Suppose -5*s = -3*k - 159, 4*s + 0*k + k = 134. Does 9 divide s?
False
Suppose 4*k - 10 = -4*a - 2, k - a - 10 = 0. Suppose 0 = k*g - g. Suppose g = y - 5*y + 76. Is 17 a factor of y?
False
Let a be (-15)/10*16/(-3). Let j be 270/8 + 2/a. Suppose 4*i + j = 6*i. Does 11 divide i?
False
Let z be (-1)/3 - (-555)/(-9). Let h = z + 104. Is 10 a factor of h?
False
Suppose 0 = -5*j + 411 + 479. Is j a multiple of 8?
False
Suppose -b - 3 = 1. Let g = -8 - b. Let x(n) = -n**3 - 4*n**2 - 4*n + 2. Does 7 divide x(g)?
False
Let k = 255 + 57. Is 26 a factor of k?
True
Let y be (-6)/((-4)/((-32)/6)). Let x(u) = u**3 + 6*u**2 - 4. Let z be x(-6). Does 13 divide 1/z + (-290)/y?
False
Let k be ((-4)/(-8))/((-1)/(-2)). Does 7 divide 11/(2 + (0 - k))?
False
Suppose 6 - 18 = z. Let g be (-51)/z - (-1)/(-4). Is 11 a factor of ((-33)/g)/((-9)/24)?
True
Let f(g) = 16*g. Let m = -4 - -7. Does 24 divide f(m)?
True
Let b(g) = 5*g**2 + 3*g - 6. Let l be b(3). Is ((-90)/40)/((-2)/l) a multiple of 10?
False
Let b = -201 - -349. Suppose -5*l - 4*m - 18 = -286, 4*m = 3*l - b. Suppose -2*x - 3*n + n = -26, l = 4*x - 4*n. Is 6 a factor of x?
False
Let q(i) = -2*i**2 + 9*i - 1. Let k be q(6). Let c = k + 44. Does 25 divide c?
True
Suppose 5*b - 357 = -0*b + 3*h, -3*b + 211 = -5*h. Does 18 divide b?
True
Let g(s) be the third derivative of 9*s**4/8 + s**3/6 + 2*s**2. Let b be g(3). Let f = -34 + b. Is f a multiple of 13?
False
Let a(i) = -i**3 - 5*i**2 + 2*i - 2. Does 11 divide a(-6)?
True
Let u be (-51)/(-15) + 6/(-15). Suppose -5*k + 10 = 5*h, 4*h - u*k = -2*k - 2. Suppose 0 = -h*c - 5*c + 120. Does 12 divide c?
True
Let v be (51/(-12))/(3/12). Let n = 20 - v. Is n a multiple of 12?
False
Suppose -38 = -4*q - 10. Is 6 a factor of q?
False
Let m(v) = v**2 + 3*v - 4. Is m(-5) even?
True
Let p be (-2 - (2 - -1))*-5. Is 8 a factor of (-4 - -5)*(p + 1)?
False
Let n(s) = s**3 - s**2 + 20. Suppose -2*k = 2 + 4, -r - 15 = 5*k. Let i be n(r). Is 352/i + 4/10 a multiple of 9?
True
Let h(g) = g**3 + 8*g**2 + 4*g - 5. Suppose 2*m + 34 = -l - 3*l, -2*m + 3*l = -1. Is 16 a factor of h(m)?
True
Suppose 4*p = -2*v + 25 + 13, p + 112 = 4*v. Suppose y = -v + 76. Suppose 0 = -w + 3*q + y, -w - 2*q = -4 - 20. Is w a multiple of 18?
False
Let g(z) = -z - 4. Let v be g(-6). Suppose 5*i - 11 = -2*y, 3*y + 4*i = v*y + 7. Suppose -h = -y*h + 60. Is 8 a factor of h?
False
Let p = 2 + 2. Suppose -2*q + 6*q = -4*n + 176, -168 = -p*n - 2*q. Is 20 a factor of n?
True
Let v = -22 + 65. Suppose -5*o + 32 = -v. Is 15 a factor of o?
True
Suppose 2*u + 40 = 2*y, 2*u - 82 = -2*y - 26. Suppose -2*h + 58 = -y. Does 6 divide 7/(-14) - h/(-2)?
False
Let c(d) = -3*d + 2. Let g be c(-6). Suppose -6*m = -2*m - g. Does 2 divide m?
False
Let n(q) = -2*q + 8. Is n(-5) a multiple of 18?
True
Does 12 divide 97 + (-2)/(-1) + -4?
False
Does 8 divide 64/(-3)*(3 - 27/6)?
True
Let y = 702 - 427. Is 55 a factor of y?
True
Suppose -3*o - 65 = -8*o. Is 3 a factor of o?
False
Let n(m) = m**2 - 2*m - 9. Suppose -3*d + 3 = 24. Let r be n(d). Let f = r - 10. Does 22 divide f?
True
Suppose 0 = -4*r - r + 295. Is r a multiple of 20?
False
Let b = 116 - 36. Does 20 divide b?
True
Suppose -5*k = -4*l - 220, -2*k + l + 45 = -40. Is 8 a factor of k?
True
Let q be 1/4 + (-1509)/(-12). Suppose 2*d + 6 = 0, -4*d + 3*d = -3*l + q. Is 17 a factor of l?
False
Let u(k) = k**3 + 7*k**2 + 2. Suppose -4*j = 3*x - 4, 3*x = 2*j + 2*x - 12. Let h(w) = w**3 - 5*w**2 + 2*w + 2. Let d be h(j). Does 19 divide u(d)?
True
Let f be (3 - 11/2)*-2. Suppose -f*k = -55 - 0. Is 11 a factor of k?
True
Let n = -1 + 1. Let v(r) be the second derivative of -r**5/20 - r**4/12 + 35*r**2/2 - 3*r. Is 12 a factor of v(n)?
False
Let i = -22 - -46. Let c = i - 15. Does 3 divide c?
True
Let h be 2/(-2 + 4) + 2. Is (-2)/(-2)*31 + h a multiple of 17?
True
Suppose -4*d + 32 = -0. Let y = -3 + d. Suppose -37 = -4*t + y*h, -2*h = -t + h + 18. Is t a multiple of 2?
False
Let g be (74/(-8))/((-9)/(-36)). Let n = g - -67. Does 12 divide n?
False
Let w(y) = 17*y**3 + y**2 - 3*y + 1. Is 3 a factor of w(1)?
False
Suppose 0 = y - 2*u + 7, 3*y + 0*y - 2*u + 1 = 0. Suppose -52 = -5*r + y. Is r a multiple of 4?
False
Suppose -3*o = -5*l + 586, l - 125 = -4*o + 6. Does 17 divide l?
True
